{"id":34,"date":"2026-03-04T15:49:51","date_gmt":"2026-03-04T15:49:51","guid":{"rendered":"http:\/\/mathilderouton.com\/?page_id=34"},"modified":"2026-04-22T14:52:52","modified_gmt":"2026-04-22T14:52:52","slug":"34-2","status":"publish","type":"page","link":"https:\/\/mathilderouton.com\/?page_id=34","title":{"rendered":"Parcours"},"content":{"rendered":"\n<h2 class=\"wp-block-heading\">Autrice et architecte, Mathilde Routon explore les structures invisibles qui traversent les corps, les institutions et les organisations humaines.<\/h2>\n\n\n\n<div class=\"wp-block-columns alignwide are-vertically-aligned-center is-layout-flex wp-container-core-columns-is-layout-643ced6b wp-block-columns-is-layout-flex\">\n<div class=\"wp-block-column is-vertically-aligned-center is-layout-flow wp-block-column-is-layout-flow\">\n<div class=\"wp-block-columns are-vertically-aligned-bottom is-layout-flex wp-container-core-columns-is-layout-28f84493 wp-block-columns-is-layout-flex\">\n<div class=\"wp-block-column is-vertically-aligned-bottom is-layout-flow wp-block-column-is-layout-flow\" style=\"flex-basis:85%\">\n<figure class=\"wp-block-image alignright wp-duotone-rgb999-ccc-1\"><img loading=\"lazy\" decoding=\"async\" width=\"1920\" height=\"2560\" src=\"http:\/\/mathilderouton.com\/wp-content\/uploads\/2026\/03\/IMG_7920-2-scaled.jpg\" alt=\"\" class=\"wp-image-35\" srcset=\"https:\/\/mathilderouton.com\/wp-content\/uploads\/2026\/03\/IMG_7920-2-scaled.jpg 1920w, https:\/\/mathilderouton.com\/wp-content\/uploads\/2026\/03\/IMG_7920-2-225x300.jpg 225w, https:\/\/mathilderouton.com\/wp-content\/uploads\/2026\/03\/IMG_7920-2-768x1024.jpg 768w, https:\/\/mathilderouton.com\/wp-content\/uploads\/2026\/03\/IMG_7920-2-1152x1536.jpg 1152w, https:\/\/mathilderouton.com\/wp-content\/uploads\/2026\/03\/IMG_7920-2-1536x2048.jpg 1536w\" sizes=\"auto, (max-width: 1920px) 100vw, 1920px\" \/><\/figure>\n<\/div>\n<\/div>\n<\/div>\n\n\n\n<div class=\"wp-block-column is-vertically-aligned-center is-layout-flow wp-block-column-is-layout-flow\">\n<p><\/p>\n\n\n\n<div class=\"wp-block-group is-vertical is-content-justification-stretch is-layout-flex wp-container-core-group-is-layout-353c4f5a wp-block-group-is-layout-flex\">\n<p class=\"has-text-align-left\">Son travail se situe \u00e0 la crois\u00e9e de l\u2019architecture, de la pens\u00e9e critique et de l\u2019\u00e9criture. Elle s\u2019int\u00e9resse aux structures invisibles qui traversent les corps, les institutions et les organisations humaines.<\/p>\n\n\n\n<p class=\"has-text-align-left\">\u00c0 travers ses essais, ses textes dramaturgiques et ses projets sc\u00e9niques,<br>elle explore les m\u00e9canismes de silence,<br>les formes de violence structurelle<br>et les processus de transformation du vivant.<\/p>\n\n\n\n<p class=\"has-text-align-left\">En parall\u00e8le de son travail d\u2019\u00e9criture, Mathilde Routon d\u00e9veloppe une pratique artistique autour de la voix, de la mati\u00e8re et du geste.<\/p>\n\n\n\n<p class=\"has-text-align-left\">Peinture, sculpture et exp\u00e9rimentations visuelles constituent pour elle un prolongement sensible de sa r\u00e9flexion sur l\u2019architecture du vivant.<\/p>\n<\/div>\n\n\n\n<div class=\"wp-block-group is-vertical is-content-justification-stretch is-layout-flex wp-container-core-group-is-layout-353c4f5a wp-block-group-is-layout-flex\">\n<ul class=\"wp-block-social-links has-icon-color is-style-logos-only is-layout-flex wp-block-social-links-is-layout-flex\"><\/ul>\n<\/div>\n<\/div>\n<\/div>\n\n\n\n<p class=\"has-text-align-center\">Ce site marque une premi\u00e8re \u00e9tape dans mon \u00e9volution vers le d\u00e9veloppement web, en alliant structuration de contenus et outils num\u00e9riques.<\/p>\n\n\n\n<div style=\"height:100px\" aria-hidden=\"true\" class=\"wp-block-spacer\"><\/div>\n\n\n\n<blockquote class=\"wp-block-quote is-layout-flow wp-block-quote-is-layout-flow\">\n<p class=\"has-text-align-center\"><strong>\u00ab\u00a0Je cartographie la mati\u00e8re invisible.<\/strong><\/p>\n\n\n\n<p class=\"has-text-align-center\"><strong>L\u2019architecture du vivant :<br>la trame op\u00e9rante<br>qui traverse les corps, les institutions<br>et fa\u00e7onne nos existences.\u00a0\u00bb<\/strong><\/p>\n<\/blockquote>\n\n\n\n<div class=\"wp-block-group has-global-padding is-layout-constrained wp-block-group-is-layout-constrained\" style=\"padding-top:var(--wp--preset--spacing--60);padding-bottom:var(--wp--preset--spacing--50)\">\n<div class=\"wp-block-group is-layout-flow wp-block-group-is-layout-flow\">\n<div class=\"wp-block-group alignfull has-global-padding is-layout-constrained wp-block-group-is-layout-constrained\">\n<div class=\"wp-block-group alignfull has-global-padding is-content-justification-center is-layout-constrained wp-block-group-is-layout-constrained\"><div class=\"aligncenter wp-block-site-logo\"><a href=\"https:\/\/mathilderouton.com\/\" class=\"custom-logo-link\" rel=\"home\"><img loading=\"lazy\" decoding=\"async\" width=\"142\" height=\"142\" src=\"https:\/\/mathilderouton.com\/wp-content\/uploads\/2026\/03\/ChatGPT-Image-6-mars-2026-09_51_37.png\" class=\"custom-logo\" alt=\"Architecture du vivant\" srcset=\"https:\/\/mathilderouton.com\/wp-content\/uploads\/2026\/03\/ChatGPT-Image-6-mars-2026-09_51_37.png 1024w, https:\/\/mathilderouton.com\/wp-content\/uploads\/2026\/03\/ChatGPT-Image-6-mars-2026-09_51_37-300x300.png 300w, https:\/\/mathilderouton.com\/wp-content\/uploads\/2026\/03\/ChatGPT-Image-6-mars-2026-09_51_37-150x150.png 150w, https:\/\/mathilderouton.com\/wp-content\/uploads\/2026\/03\/ChatGPT-Image-6-mars-2026-09_51_37-768x768.png 768w\" sizes=\"auto, (max-width: 142px) 100vw, 142px\" \/><\/a><\/div>\n\n\n<div style=\"height:21px\" aria-hidden=\"true\" class=\"wp-block-spacer\"><\/div>\n\n\n\n<h2 class=\"wp-block-heading has-text-align-center\">ARCHITECTURE DU VIVANT<\/h2>\n<\/div>\n<\/div>\n\n\n\n<div style=\"height:var(--wp--preset--spacing--70)\" aria-hidden=\"true\" class=\"wp-block-spacer\"><\/div>\n\n\n\n<div class=\"wp-block-group alignfull is-content-justification-center is-layout-flex wp-container-core-group-is-layout-2c471116 wp-block-group-is-layout-flex\">\n<p class=\"has-text-align-center\">\u00a9 Mathilde Routon<br><a href=\"mailto:mathilderouton@gmail.com\" data-type=\"page\" data-id=\"243\">Correspondance<\/a> \u00b7 <a href=\"https:\/\/www.linkedin.com\/in\/mathilde-r-a04762184\/\" data-type=\"page\" data-id=\"240\">linkedIn<\/a> \u00b7 <a href=\"https:\/\/www.instagram.com\/vivre.ou.se.taire\/\" data-type=\"page\" data-id=\"241\">Instagram<\/a><\/p>\n<\/div>\n<\/div>\n<\/div>\n","protected":false},"excerpt":{"rendered":"<p>Autrice et architecte, Mathilde Routon explore les structures invisibles qui traversent les corps, les institutions et les organisations humaines. Son travail se situe \u00e0 la crois\u00e9e de l\u2019architecture, de la pens\u00e9e critique et de l\u2019\u00e9criture. Elle s\u2019int\u00e9resse aux structures invisibles qui traversent les corps, les institutions et les organisations humaines. \u00c0 travers ses essais, ses [&hellip;]<\/p>\n","protected":false},"author":1,"featured_media":0,"parent":0,"menu_order":0,"comment_status":"closed","ping_status":"closed","template":"","meta":{"footnotes":""},"class_list":["post-34","page","type-page","status-publish","hentry"],"_links":{"self":[{"href":"https:\/\/mathilderouton.com\/index.php?rest_route=\/wp\/v2\/pages\/34","targetHints":{"allow":["GET"]}}],"collection":[{"href":"https:\/\/mathilderouton.com\/index.php?rest_route=\/wp\/v2\/pages"}],"about":[{"href":"https:\/\/mathilderouton.com\/index.php?rest_route=\/wp\/v2\/types\/page"}],"author":[{"embeddable":true,"href":"https:\/\/mathilderouton.com\/index.php?rest_route=\/wp\/v2\/users\/1"}],"replies":[{"embeddable":true,"href":"https:\/\/mathilderouton.com\/index.php?rest_route=%2Fwp%2Fv2%2Fcomments&post=34"}],"version-history":[{"count":31,"href":"https:\/\/mathilderouton.com\/index.php?rest_route=\/wp\/v2\/pages\/34\/revisions"}],"predecessor-version":[{"id":291,"href":"https:\/\/mathilderouton.com\/index.php?rest_route=\/wp\/v2\/pages\/34\/revisions\/291"}],"wp:attachment":[{"href":"https:\/\/mathilderouton.com\/index.php?rest_route=%2Fwp%2Fv2%2Fmedia&parent=34"}],"curies":[{"name":"wp","href":"https:\/\/api.w.org\/{rel}","templated":true}]}}